[INFO] fetching crate syrette 0.4.2...
[INFO] checking syrette-0.4.2 against master#9610dfe5a9a731ced1ea4923ecbd0c57fe367898 for beta-170-4
[INFO] extracting crate syrette 0.4.2 into /workspace/builds/worker-6-tc1/source
[INFO] validating manifest of crates.io crate syrette 0.4.2 on toolchain 9610dfe5a9a731ced1ea4923ecbd0c57fe367898
[INFO] running `Command { std: CARGO_HOME="/workspace/cargo-home" RUSTUP_HOME="/workspace/rustup-home" "/workspace/cargo-home/bin/cargo" "+9610dfe5a9a731ced1ea4923ecbd0c57fe367898" "metadata" "--manifest-path" "Cargo.toml" "--no-deps", kill_on_drop: false }`
[INFO] started tweaking crates.io crate syrette 0.4.2
[INFO] removed 5 missing examples
[INFO] finished tweaking crates.io crate syrette 0.4.2
[INFO] tweaked toml for crates.io crate syrette 0.4.2 written to /workspace/builds/worker-6-tc1/source/Cargo.toml
[INFO] crate crates.io crate syrette 0.4.2 already has a lockfile, it will not be regenerated
[INFO] running `Command { std: CARGO_HOME="/workspace/cargo-home" RUSTUP_HOME="/workspace/rustup-home" "/workspace/cargo-home/bin/cargo" "+9610dfe5a9a731ced1ea4923ecbd0c57fe367898" "fetch" "--manifest-path" "Cargo.toml", kill_on_drop: false }`
[INFO] [stderr]     Updating crates.io index
[INFO] [stderr]  Downloading crates ...
[INFO] [stderr]   Downloaded syrette_macros v0.4.2
[INFO] [stderr]   Downloaded linkme-impl v0.3.0
[INFO] [stderr]   Downloaded linkme v0.3.0
[INFO] running `Command { std: "docker" "create" "-v" "/var/lib/crater-agent-workspace/builds/worker-6-tc1/target:/opt/rustwide/target:rw,Z" "-v" "/var/lib/crater-agent-workspace/builds/worker-6-tc1/source:/opt/rustwide/workdir:ro,Z" "-v" "/var/lib/crater-agent-workspace/cargo-home:/opt/rustwide/cargo-home:ro,Z" "-v" "/var/lib/crater-agent-workspace/rustup-home:/opt/rustwide/rustup-home:ro,Z" "-e" "SOURCE_DIR=/opt/rustwide/workdir" "-e" "CARGO_TARGET_DIR=/opt/rustwide/target" "-e" "CARGO_HOME=/opt/rustwide/cargo-home" "-e" "RUSTUP_HOME=/opt/rustwide/rustup-home" "-w" "/opt/rustwide/workdir" "-m" "1610612736" "--user" "0:0" "--network" "none" "ghcr.io/rust-lang/crates-build-env/linux@sha256:19e73879b68f455e41552ea35293514db52ea292d993f571636dbffedb77a1ee" "/opt/rustwide/cargo-home/bin/cargo" "+9610dfe5a9a731ced1ea4923ecbd0c57fe367898" "metadata" "--no-deps" "--format-version=1", kill_on_drop: false }`
[INFO] [stdout] 143faa99352065faa7efd3409cb06d1ed3c4a69a07b80f682f3f44d8c42de672
[INFO] running `Command { std: "docker" "start" "-a" "143faa99352065faa7efd3409cb06d1ed3c4a69a07b80f682f3f44d8c42de672", kill_on_drop: false }`
[INFO] running `Command { std: "docker" "inspect" "143faa99352065faa7efd3409cb06d1ed3c4a69a07b80f682f3f44d8c42de672", kill_on_drop: false }`
[INFO] running `Command { std: "docker" "rm" "-f" "143faa99352065faa7efd3409cb06d1ed3c4a69a07b80f682f3f44d8c42de672", kill_on_drop: false }`
[INFO] [stdout] 143faa99352065faa7efd3409cb06d1ed3c4a69a07b80f682f3f44d8c42de672
[INFO] running `Command { std: "docker" "create" "-v" "/var/lib/crater-agent-workspace/builds/worker-6-tc1/target:/opt/rustwide/target:rw,Z" "-v" "/var/lib/crater-agent-workspace/builds/worker-6-tc1/source:/opt/rustwide/workdir:ro,Z" "-v" "/var/lib/crater-agent-workspace/cargo-home:/opt/rustwide/cargo-home:ro,Z" "-v" "/var/lib/crater-agent-workspace/rustup-home:/opt/rustwide/rustup-home:ro,Z" "-e" "SOURCE_DIR=/opt/rustwide/workdir" "-e" "CARGO_TARGET_DIR=/opt/rustwide/target" "-e" "CARGO_INCREMENTAL=0" "-e" "RUST_BACKTRACE=full" "-e" "RUSTFLAGS=--cap-lints=forbid" "-e" "RUSTDOCFLAGS=--cap-lints=forbid" "-e" "CARGO_HOME=/opt/rustwide/cargo-home" "-e" "RUSTUP_HOME=/opt/rustwide/rustup-home" "-w" "/opt/rustwide/workdir" "-m" "1610612736" "--user" "0:0" "--network" "none" "ghcr.io/rust-lang/crates-build-env/linux@sha256:19e73879b68f455e41552ea35293514db52ea292d993f571636dbffedb77a1ee" "/opt/rustwide/cargo-home/bin/cargo" "+9610dfe5a9a731ced1ea4923ecbd0c57fe367898" "check" "--frozen" "--all" "--all-targets" "--message-format=json", kill_on_drop: false }`
[INFO] [stdout] ff342273837dbb23f41984b610b04973ce7852e028e12b20cef946e19e51569a
[INFO] running `Command { std: "docker" "start" "-a" "ff342273837dbb23f41984b610b04973ce7852e028e12b20cef946e19e51569a", kill_on_drop: false }`
[INFO] [stderr]    Compiling proc-macro2 v1.0.46
[INFO] [stderr]    Compiling quote v1.0.21
[INFO] [stderr]    Compiling unicode-ident v1.0.1
[INFO] [stderr]    Compiling syn v1.0.101
[INFO] [stderr]    Compiling libc v0.2.126
[INFO] [stderr]    Compiling thiserror v1.0.37
[INFO] [stderr]    Compiling rustversion v1.0.9
[INFO] [stderr]    Compiling cfg-if v1.0.0
[INFO] [stderr]     Checking once_cell v1.13.1
[INFO] [stderr]    Compiling regex-syntax v0.6.27
[INFO] [stderr]    Compiling memchr v2.5.0
[INFO] [stderr]    Compiling ahash v0.7.6
[INFO] [stderr]    Compiling tokio v1.20.1
[INFO] [stderr]    Compiling anyhow v1.0.62
[INFO] [stderr]     Checking getrandom v0.2.7
[INFO] [stderr]    Compiling paste v1.0.8
[INFO] [stderr]     Checking strum v0.24.1
[INFO] [stderr]    Compiling aho-corasick v0.7.18
[INFO] [stderr]    Compiling uuid v0.8.2
[INFO] [stderr]    Compiling regex v1.6.0
[INFO] [stderr]    Compiling thiserror-impl v1.0.37
[INFO] [stderr]    Compiling linkme-impl v0.3.0
[INFO] [stderr]    Compiling strum_macros v0.24.3
[INFO] [stderr]    Compiling tokio-macros v1.8.0
[INFO] [stderr]     Checking linkme v0.3.0
[INFO] [stderr]    Compiling syrette_macros v0.4.2
[INFO] [stderr]     Checking syrette v0.4.2 (/opt/rustwide/workdir)
[INFO] [stdout] error[E0433]: failed to resolve: use of undeclared crate or module `mockall`
[INFO] [stdout]    --> src/di_container/blocking/binding/builder.rs:325:9
[INFO] [stdout]     |
[INFO] [stdout] 325 |     use mockall::predicate::eq;
[INFO] [stdout]     |         ^^^^^^^ use of undeclared crate or module `mockall`
[INFO] [stdout] 
[INFO] [stdout] 
[INFO] [stdout] error[E0433]: failed to resolve: use of undeclared crate or module `mockall`
[INFO] [stdout]   --> src/di_container/blocking/binding/when_configurator.rs:75:9
[INFO] [stdout]    |
[INFO] [stdout] 75 |     use mockall::predicate::eq;
[INFO] [stdout]    |         ^^^^^^^ use of undeclared crate or module `mockall`
[INFO] [stdout] 
[INFO] [stdout] 
[INFO] [stdout] error[E0432]: unresolved import `crate::provider::blocking::MockIProvider`
[INFO] [stdout]   --> src/di_container/blocking/binding/when_configurator.rs:78:9
[INFO] [stdout]    |
[INFO] [stdout] 78 |     use crate::provider::blocking::MockIProvider;
[INFO] [stdout]    |         ^^^^^^^^^^^^^^^^^^^^^^^^^^^-------------
[INFO] [stdout]    |         |                          |
[INFO] [stdout]    |         |                          help: a similar name exists in the module: `IProvider`
[INFO] [stdout]    |         no `MockIProvider` in `provider::blocking`
[INFO] [stdout] 
[INFO] [stdout] 
[INFO] [stdout] error[E0432]: unresolved import `mockall`
[INFO] [stdout]    --> src/test_utils.rs:286:9
[INFO] [stdout]     |
[INFO] [stdout] 286 |     use mockall::mock;
[INFO] [stdout]     |         ^^^^^^^ use of undeclared crate or module `mockall`
[INFO] [stdout] 
[INFO] [stdout] 
[INFO] [stdout] error[E0433]: failed to resolve: use of undeclared crate or module `mockall`
[INFO] [stdout]   --> src/provider/blocking.rs:24:18
[INFO] [stdout]    |
[INFO] [stdout] 24 | #[cfg_attr(test, mockall::automock, allow(dead_code))]
[INFO] [stdout]    |                  ^^^^^^^ use of undeclared crate or module `mockall`
[INFO] [stdout] 
[INFO] [stdout] 
[INFO] [stdout] error: cannot determine resolution for the macro `mock`
[INFO] [stdout]    --> src/test_utils.rs:526:5
[INFO] [stdout]     |
[INFO] [stdout] 526 |     mock! {
[INFO] [stdout]     |     ^^^^
[INFO] [stdout]     |
[INFO] [stdout]     = note: import resolution is stuck, try simplifying macro imports
[INFO] [stdout] 
[INFO] [stdout] 
[INFO] [stdout] error: cannot determine resolution for the macro `mock`
[INFO] [stdout]    --> src/test_utils.rs:502:9
[INFO] [stdout]     |
[INFO] [stdout] 502 |         mock! {
[INFO] [stdout]     |         ^^^^
[INFO] [stdout]     |
[INFO] [stdout]     = note: import resolution is stuck, try simplifying macro imports
[INFO] [stdout] 
[INFO] [stdout] 
[INFO] [stdout] error: cannot determine resolution for the macro `mock`
[INFO] [stdout]    --> src/test_utils.rs:301:9
[INFO] [stdout]     |
[INFO] [stdout] 301 |         mock! {
[INFO] [stdout]     |         ^^^^
[INFO] [stdout]     |
[INFO] [stdout]     = note: import resolution is stuck, try simplifying macro imports
[INFO] [stdout] 
[INFO] [stdout] 
[INFO] [stdout] error[E0433]: failed to resolve: could not find `MockDIContainer` in `blocking_di_container`
[INFO] [stdout]    --> src/di_container/blocking/binding/builder.rs:333:67
[INFO] [stdout]     |
[INFO] [stdout] 333 |         let mut mock_di_container = mocks::blocking_di_container::MockDIContainer::new();
[INFO] [stdout]     |                                                                   ^^^^^^^^^^^^^^^
[INFO] [stdout]     |                                                                   |
[INFO] [stdout]     |                                                                   could not find `MockDIContainer` in `blocking_di_container`
[INFO] [stdout]     |                                                                   help: a trait with a similar name exists: `IDIContainer`
[INFO] [stdout] 
[INFO] [stdout] 
[INFO] [stdout] error[E0433]: failed to resolve: could not find `MockDependencyHistory` in `mocks`
[INFO] [stdout]    --> src/di_container/blocking/binding/builder.rs:353:20
[INFO] [stdout]     |
[INFO] [stdout] 353 |             mocks::MockDependencyHistory::new,
[INFO] [stdout]     |                    ^^^^^^^^^^^^^^^^^^^^^ could not find `MockDependencyHistory` in `mocks`
[INFO] [stdout] 
[INFO] [stdout] 
[INFO] [stdout] error[E0433]: failed to resolve: could not find `MockDIContainer` in `blocking_di_container`
[INFO] [stdout]    --> src/di_container/blocking/binding/scope_configurator.rs:117:67
[INFO] [stdout]     |
[INFO] [stdout] 117 |         let mut di_container_mock = mocks::blocking_di_container::MockDIContainer::new();
[INFO] [stdout]     |                                                                   ^^^^^^^^^^^^^^^
[INFO] [stdout]     |                                                                   |
[INFO] [stdout]     |                                                                   could not find `MockDIContainer` in `blocking_di_container`
[INFO] [stdout]     |                                                                   help: a trait with a similar name exists: `IDIContainer`
[INFO] [stdout] 
[INFO] [stdout] 
[INFO] [stdout] error[E0433]: failed to resolve: could not find `MockDependencyHistory` in `mocks`
[INFO] [stdout]    --> src/di_container/blocking/binding/scope_configurator.rs:132:20
[INFO] [stdout]     |
[INFO] [stdout] 132 |             mocks::MockDependencyHistory::new,
[INFO] [stdout]     |                    ^^^^^^^^^^^^^^^^^^^^^ could not find `MockDependencyHistory` in `mocks`
[INFO] [stdout] 
[INFO] [stdout] 
[INFO] [stdout] error[E0433]: failed to resolve: could not find `MockDIContainer` in `blocking_di_container`
[INFO] [stdout]    --> src/di_container/blocking/binding/scope_configurator.rs:141:67
[INFO] [stdout]     |
[INFO] [stdout] 141 |         let mut di_container_mock = mocks::blocking_di_container::MockDIContainer::new();
[INFO] [stdout]     |                                                                   ^^^^^^^^^^^^^^^
[INFO] [stdout]     |                                                                   |
[INFO] [stdout]     |                                                                   could not find `MockDIContainer` in `blocking_di_container`
[INFO] [stdout]     |                                                                   help: a trait with a similar name exists: `IDIContainer`
[INFO] [stdout] 
[INFO] [stdout] 
[INFO] [stdout] error[E0433]: failed to resolve: could not find `MockDependencyHistory` in `mocks`
[INFO] [stdout]    --> src/di_container/blocking/binding/scope_configurator.rs:156:20
[INFO] [stdout]     |
[INFO] [stdout] 156 |             mocks::MockDependencyHistory::new,
[INFO] [stdout]     |                    ^^^^^^^^^^^^^^^^^^^^^ could not find `MockDependencyHistory` in `mocks`
[INFO] [stdout] 
[INFO] [stdout] 
[INFO] [stdout] error[E0433]: failed to resolve: could not find `MockDIContainer` in `blocking_di_container`
[INFO] [stdout]   --> src/di_container/blocking/binding/when_configurator.rs:84:67
[INFO] [stdout]    |
[INFO] [stdout] 84 |         let mut di_container_mock = mocks::blocking_di_container::MockDIContainer::new();
[INFO] [stdout]    |                                                                   ^^^^^^^^^^^^^^^
[INFO] [stdout]    |                                                                   |
[INFO] [stdout]    |                                                                   could not find `MockDIContainer` in `blocking_di_container`
[INFO] [stdout]    |                                                                   help: a trait with a similar name exists: `IDIContainer`
[INFO] [stdout] 
[INFO] [stdout] 
[INFO] [stdout] error[E0433]: failed to resolve: could not find `MockProvider` in `blocking_provider`
[INFO] [stdout]    --> src/di_container/blocking/mod.rs:351:59
[INFO] [stdout]     |
[INFO] [stdout] 351 |         let mut mock_provider = mocks::blocking_provider::MockProvider::new();
[INFO] [stdout]     |                                                           ^^^^^^^^^^^^
[INFO] [stdout]     |                                                           |
[INFO] [stdout]     |                                                           could not find `MockProvider` in `blocking_provider`
[INFO] [stdout]     |                                                           help: a trait with a similar name exists: `IProvider`
[INFO] [stdout] 
[INFO] [stdout] 
[INFO] [stdout] error[E0433]: failed to resolve: could not find `MockProvider` in `blocking_provider`
[INFO] [stdout]    --> src/di_container/blocking/mod.rs:376:59
[INFO] [stdout]     |
[INFO] [stdout] 376 |         let mut mock_provider = mocks::blocking_provider::MockProvider::new();
[INFO] [stdout]     |                                                           ^^^^^^^^^^^^
[INFO] [stdout]     |                                                           |
[INFO] [stdout]     |                                                           could not find `MockProvider` in `blocking_provider`
[INFO] [stdout]     |                                                           help: a trait with a similar name exists: `IProvider`
[INFO] [stdout] 
[INFO] [stdout] 
[INFO] [stdout] error[E0433]: failed to resolve: could not find `MockProvider` in `blocking_provider`
[INFO] [stdout]    --> src/di_container/blocking/mod.rs:401:59
[INFO] [stdout]     |
[INFO] [stdout] 401 |         let mut mock_provider = mocks::blocking_provider::MockProvider::new();
[INFO] [stdout]     |                                                           ^^^^^^^^^^^^
[INFO] [stdout]     |                                                           |
[INFO] [stdout]     |                                                           could not find `MockProvider` in `blocking_provider`
[INFO] [stdout]     |                                                           help: a trait with a similar name exists: `IProvider`
[INFO] [stdout] 
[INFO] [stdout] 
[INFO] [stdout] error[E0433]: failed to resolve: could not find `MockProvider` in `blocking_provider`
[INFO] [stdout]    --> src/di_container/blocking/mod.rs:433:59
[INFO] [stdout]     |
[INFO] [stdout] 433 |         let mut mock_provider = mocks::blocking_provider::MockProvider::new();
[INFO] [stdout]     |                                                           ^^^^^^^^^^^^
[INFO] [stdout]     |                                                           |
[INFO] [stdout]     |                                                           could not find `MockProvider` in `blocking_provider`
[INFO] [stdout]     |                                                           help: a trait with a similar name exists: `IProvider`
[INFO] [stdout] 
[INFO] [stdout] 
[INFO] [stdout] error[E0433]: failed to resolve: could not find `MockDIContainer` in `blocking_di_container`
[INFO] [stdout]    --> src/provider/blocking.rs:193:58
[INFO] [stdout]     |
[INFO] [stdout] 193 |         let di_container = mocks::blocking_di_container::MockDIContainer::new();
[INFO] [stdout]     |                                                          ^^^^^^^^^^^^^^^
[INFO] [stdout]     |                                                          |
[INFO] [stdout]     |                                                          could not find `MockDIContainer` in `blocking_di_container`
[INFO] [stdout]     |                                                          help: a trait with a similar name exists: `IDIContainer`
[INFO] [stdout] 
[INFO] [stdout] 
[INFO] [stdout] error[E0433]: failed to resolve: could not find `MockDependencyHistory` in `mocks`
[INFO] [stdout]    --> src/provider/blocking.rs:195:46
[INFO] [stdout]     |
[INFO] [stdout] 195 |         let dependency_history_mock = mocks::MockDependencyHistory::new();
[INFO] [stdout]     |                                              ^^^^^^^^^^^^^^^^^^^^^ could not find `MockDependencyHistory` in `mocks`
[INFO] [stdout] 
[INFO] [stdout] 
[INFO] [stdout] error[E0433]: failed to resolve: could not find `MockDIContainer` in `blocking_di_container`
[INFO] [stdout]    --> src/provider/blocking.rs:220:58
[INFO] [stdout]     |
[INFO] [stdout] 220 |         let di_container = mocks::blocking_di_container::MockDIContainer::new();
[INFO] [stdout]     |                                                          ^^^^^^^^^^^^^^^
[INFO] [stdout]     |                                                          |
[INFO] [stdout]     |                                                          could not find `MockDIContainer` in `blocking_di_container`
[INFO] [stdout]     |                                                          help: a trait with a similar name exists: `IDIContainer`
[INFO] [stdout] 
[INFO] [stdout] 
[INFO] [stdout] error[E0433]: failed to resolve: could not find `MockDependencyHistory` in `mocks`
[INFO] [stdout]    --> src/provider/blocking.rs:226:28
[INFO] [stdout]     |
[INFO] [stdout] 226 |                     mocks::MockDependencyHistory::new()
[INFO] [stdout]     |                            ^^^^^^^^^^^^^^^^^^^^^ could not find `MockDependencyHistory` in `mocks`
[INFO] [stdout] 
[INFO] [stdout] 
[INFO] [stdout] error[E0412]: cannot find type `MockDIContainer` in module `mocks::blocking_di_container`
[INFO] [stdout]    --> src/di_container/blocking/binding/builder.rs:349:43
[INFO] [stdout]     |
[INFO] [stdout] 349 |               mocks::blocking_di_container::MockDIContainer<mocks::MockDependencyHistory>,
[INFO] [stdout]     |                                             ^^^^^^^^^^^^^^^ help: a trait with a similar name exists: `IDIContainer`
[INFO] [stdout]     |
[INFO] [stdout]    ::: src/di_container/blocking/mod.rs:72:1
[INFO] [stdout]     |
[INFO] [stdout] 72  | / pub trait IDIContainer<DependencyHistoryType>:
[INFO] [stdout] 73  | |     Sized + 'static + details::DIContainerInternals<DependencyHistoryType>
[INFO] [stdout] 74  | | where
[INFO] [stdout] 75  | |     DependencyHistoryType: IDependencyHistory,
[INFO] [stdout] ...   |
[INFO] [stdout] 116 | |         Interface: 'static + ?Sized;
[INFO] [stdout] 117 | | }
[INFO] [stdout]     | |_- similarly named trait `IDIContainer` defined here
[INFO] [stdout] 
[INFO] [stdout] 
[INFO] [stdout] error[E0412]: cannot find type `MockDependencyHistory` in module `mocks`
[INFO] [stdout]    --> src/di_container/blocking/binding/builder.rs:349:66
[INFO] [stdout]     |
[INFO] [stdout] 349 |             mocks::blocking_di_container::MockDIContainer<mocks::MockDependencyHistory>,
[INFO] [stdout]     |                                                                  ^^^^^^^^^^^^^^^^^^^^^ not found in `mocks`
[INFO] [stdout] 
[INFO] [stdout] 
[INFO] [stdout] error[E0412]: cannot find type `MockDependencyHistory` in module `mocks`
[INFO] [stdout]    --> src/di_container/blocking/binding/builder.rs:350:20
[INFO] [stdout]     |
[INFO] [stdout] 350 |             mocks::MockDependencyHistory,
[INFO] [stdout]     |                    ^^^^^^^^^^^^^^^^^^^^^ not found in `mocks`
[INFO] [stdout] 
[INFO] [stdout] 
[INFO] [stdout] error[E0412]: cannot find type `MockDIContainer` in module `mocks::blocking_di_container`
[INFO] [stdout]    --> src/di_container/blocking/binding/scope_configurator.rs:128:43
[INFO] [stdout]     |
[INFO] [stdout] 128 |               mocks::blocking_di_container::MockDIContainer<mocks::MockDependencyHistory>,
[INFO] [stdout]     |                                             ^^^^^^^^^^^^^^^ help: a trait with a similar name exists: `IDIContainer`
[INFO] [stdout]     |
[INFO] [stdout]    ::: src/di_container/blocking/mod.rs:72:1
[INFO] [stdout]     |
[INFO] [stdout] 72  | / pub trait IDIContainer<DependencyHistoryType>:
[INFO] [stdout] 73  | |     Sized + 'static + details::DIContainerInternals<DependencyHistoryType>
[INFO] [stdout] 74  | | where
[INFO] [stdout] 75  | |     DependencyHistoryType: IDependencyHistory,
[INFO] [stdout] ...   |
[INFO] [stdout] 116 | |         Interface: 'static + ?Sized;
[INFO] [stdout] 117 | | }
[INFO] [stdout]     | |_- similarly named trait `IDIContainer` defined here
[INFO] [stdout] 
[INFO] [stdout] 
[INFO] [stdout] error[E0412]: cannot find type `MockDependencyHistory` in module `mocks`
[INFO] [stdout]    --> src/di_container/blocking/binding/scope_configurator.rs:128:66
[INFO] [stdout]     |
[INFO] [stdout] 128 |             mocks::blocking_di_container::MockDIContainer<mocks::MockDependencyHistory>,
[INFO] [stdout]     |                                                                  ^^^^^^^^^^^^^^^^^^^^^ not found in `mocks`
[INFO] [stdout] 
[INFO] [stdout] 
[INFO] [stdout] error[E0412]: cannot find type `MockDependencyHistory` in module `mocks`
[INFO] [stdout]    --> src/di_container/blocking/binding/scope_configurator.rs:129:20
[INFO] [stdout]     |
[INFO] [stdout] 129 |             mocks::MockDependencyHistory,
[INFO] [stdout]     |                    ^^^^^^^^^^^^^^^^^^^^^ not found in `mocks`
[INFO] [stdout] 
[INFO] [stdout] 
[INFO] [stdout] error[E0412]: cannot find type `MockDIContainer` in module `mocks::blocking_di_container`
[INFO] [stdout]    --> src/di_container/blocking/binding/scope_configurator.rs:152:43
[INFO] [stdout]     |
[INFO] [stdout] 152 |               mocks::blocking_di_container::MockDIContainer<mocks::MockDependencyHistory>,
[INFO] [stdout]     |                                             ^^^^^^^^^^^^^^^ help: a trait with a similar name exists: `IDIContainer`
[INFO] [stdout]     |
[INFO] [stdout]    ::: src/di_container/blocking/mod.rs:72:1
[INFO] [stdout]     |
[INFO] [stdout] 72  | / pub trait IDIContainer<DependencyHistoryType>:
[INFO] [stdout] 73  | |     Sized + 'static + details::DIContainerInternals<DependencyHistoryType>
[INFO] [stdout] 74  | | where
[INFO] [stdout] 75  | |     DependencyHistoryType: IDependencyHistory,
[INFO] [stdout] ...   |
[INFO] [stdout] 116 | |         Interface: 'static + ?Sized;
[INFO] [stdout] 117 | | }
[INFO] [stdout]     | |_- similarly named trait `IDIContainer` defined here
[INFO] [stdout] 
[INFO] [stdout] 
[INFO] [stdout] error[E0412]: cannot find type `MockDependencyHistory` in module `mocks`
[INFO] [stdout]    --> src/di_container/blocking/binding/scope_configurator.rs:152:66
[INFO] [stdout]     |
[INFO] [stdout] 152 |             mocks::blocking_di_container::MockDIContainer<mocks::MockDependencyHistory>,
[INFO] [stdout]     |                                                                  ^^^^^^^^^^^^^^^^^^^^^ not found in `mocks`
[INFO] [stdout] 
[INFO] [stdout] 
[INFO] [stdout] error[E0412]: cannot find type `MockDependencyHistory` in module `mocks`
[INFO] [stdout]    --> src/di_container/blocking/binding/scope_configurator.rs:153:20
[INFO] [stdout]     |
[INFO] [stdout] 153 |             mocks::MockDependencyHistory,
[INFO] [stdout]     |                    ^^^^^^^^^^^^^^^^^^^^^ not found in `mocks`
[INFO] [stdout] 
[INFO] [stdout] 
[INFO] [stdout] error[E0412]: cannot find type `MockDIContainer` in module `mocks::blocking_di_container`
[INFO] [stdout]    --> src/di_container/blocking/binding/when_configurator.rs:100:43
[INFO] [stdout]     |
[INFO] [stdout] 100 |               mocks::blocking_di_container::MockDIContainer<mocks::MockDependencyHistory>,
[INFO] [stdout]     |                                             ^^^^^^^^^^^^^^^ help: a trait with a similar name exists: `IDIContainer`
[INFO] [stdout]     |
[INFO] [stdout]    ::: src/di_container/blocking/mod.rs:72:1
[INFO] [stdout]     |
[INFO] [stdout] 72  | / pub trait IDIContainer<DependencyHistoryType>:
[INFO] [stdout] 73  | |     Sized + 'static + details::DIContainerInternals<DependencyHistoryType>
[INFO] [stdout] 74  | | where
[INFO] [stdout] 75  | |     DependencyHistoryType: IDependencyHistory,
[INFO] [stdout] ...   |
[INFO] [stdout] 116 | |         Interface: 'static + ?Sized;
[INFO] [stdout] 117 | | }
[INFO] [stdout]     | |_- similarly named trait `IDIContainer` defined here
[INFO] [stdout] 
[INFO] [stdout] 
[INFO] [stdout] error[E0412]: cannot find type `MockDependencyHistory` in module `mocks`
[INFO] [stdout]    --> src/di_container/blocking/binding/when_configurator.rs:100:66
[INFO] [stdout]     |
[INFO] [stdout] 100 |             mocks::blocking_di_container::MockDIContainer<mocks::MockDependencyHistory>,
[INFO] [stdout]     |                                                                  ^^^^^^^^^^^^^^^^^^^^^ not found in `mocks`
[INFO] [stdout] 
[INFO] [stdout] 
[INFO] [stdout] error[E0412]: cannot find type `MockDependencyHistory` in module `mocks`
[INFO] [stdout]    --> src/di_container/blocking/binding/when_configurator.rs:101:20
[INFO] [stdout]     |
[INFO] [stdout] 101 |             mocks::MockDependencyHistory,
[INFO] [stdout]     |                    ^^^^^^^^^^^^^^^^^^^^^ not found in `mocks`
[INFO] [stdout] 
[INFO] [stdout] 
[INFO] [stdout] error[E0412]: cannot find type `MockDIContainer` in module `mocks::blocking_di_container`
[INFO] [stdout]    --> src/provider/blocking.rs:189:43
[INFO] [stdout]     |
[INFO] [stdout] 189 |               mocks::blocking_di_container::MockDIContainer<mocks::MockDependencyHistory>,
[INFO] [stdout]     |                                             ^^^^^^^^^^^^^^^ help: a trait with a similar name exists: `IDIContainer`
[INFO] [stdout]     |
[INFO] [stdout]    ::: src/di_container/blocking/mod.rs:72:1
[INFO] [stdout]     |
[INFO] [stdout] 72  | / pub trait IDIContainer<DependencyHistoryType>:
[INFO] [stdout] 73  | |     Sized + 'static + details::DIContainerInternals<DependencyHistoryType>
[INFO] [stdout] 74  | | where
[INFO] [stdout] 75  | |     DependencyHistoryType: IDependencyHistory,
[INFO] [stdout] ...   |
[INFO] [stdout] 116 | |         Interface: 'static + ?Sized;
[INFO] [stdout] 117 | | }
[INFO] [stdout]     | |_- similarly named trait `IDIContainer` defined here
[INFO] [stdout] 
[INFO] [stdout] 
[INFO] [stdout] error[E0412]: cannot find type `MockDependencyHistory` in module `mocks`
[INFO] [stdout]    --> src/provider/blocking.rs:189:66
[INFO] [stdout]     |
[INFO] [stdout] 189 |             mocks::blocking_di_container::MockDIContainer<mocks::MockDependencyHistory>,
[INFO] [stdout]     |                                                                  ^^^^^^^^^^^^^^^^^^^^^ not found in `mocks`
[INFO] [stdout] 
[INFO] [stdout] 
[INFO] [stdout] error[E0412]: cannot find type `MockDependencyHistory` in module `mocks`
[INFO] [stdout]    --> src/provider/blocking.rs:190:20
[INFO] [stdout]     |
[INFO] [stdout] 190 |             mocks::MockDependencyHistory,
[INFO] [stdout]     |                    ^^^^^^^^^^^^^^^^^^^^^ not found in `mocks`
[INFO] [stdout] 
[INFO] [stdout] 
[INFO] [stdout] error[E0412]: cannot find type `MockDIContainer` in module `mocks::blocking_di_container`
[INFO] [stdout]    --> src/provider/blocking.rs:214:43
[INFO] [stdout]     |
[INFO] [stdout] 214 |               mocks::blocking_di_container::MockDIContainer<mocks::MockDependencyHistory>,
[INFO] [stdout]     |                                             ^^^^^^^^^^^^^^^ help: a trait with a similar name exists: `IDIContainer`
[INFO] [stdout]     |
[INFO] [stdout]    ::: src/di_container/blocking/mod.rs:72:1
[INFO] [stdout]     |
[INFO] [stdout] 72  | / pub trait IDIContainer<DependencyHistoryType>:
[INFO] [stdout] 73  | |     Sized + 'static + details::DIContainerInternals<DependencyHistoryType>
[INFO] [stdout] 74  | | where
[INFO] [stdout] 75  | |     DependencyHistoryType: IDependencyHistory,
[INFO] [stdout] ...   |
[INFO] [stdout] 116 | |         Interface: 'static + ?Sized;
[INFO] [stdout] 117 | | }
[INFO] [stdout]     | |_- similarly named trait `IDIContainer` defined here
[INFO] [stdout] 
[INFO] [stdout] 
[INFO] [stdout] error[E0412]: cannot find type `MockDependencyHistory` in module `mocks`
[INFO] [stdout]    --> src/provider/blocking.rs:214:66
[INFO] [stdout]     |
[INFO] [stdout] 214 |             mocks::blocking_di_container::MockDIContainer<mocks::MockDependencyHistory>,
[INFO] [stdout]     |                                                                  ^^^^^^^^^^^^^^^^^^^^^ not found in `mocks`
[INFO] [stdout] 
[INFO] [stdout] 
[INFO] [stdout] error[E0412]: cannot find type `MockDependencyHistory` in module `mocks`
[INFO] [stdout]    --> src/provider/blocking.rs:215:20
[INFO] [stdout]     |
[INFO] [stdout] 215 |             mocks::MockDependencyHistory,
[INFO] [stdout]     |                    ^^^^^^^^^^^^^^^^^^^^^ not found in `mocks`
[INFO] [stdout] 
[INFO] [stdout] 
[INFO] [stdout] warning: unused import: `std::rc::Rc`
[INFO] [stdout]    --> src/test_utils.rs:290:13
[INFO] [stdout]     |
[INFO] [stdout] 290 |         use std::rc::Rc;
[INFO] [stdout]     |             ^^^^^^^^^^^
[INFO] [stdout]     |
[INFO] [stdout]     = note: `#[warn(unused_imports)]` on by default
[INFO] [stdout] 
[INFO] [stdout] 
[INFO] [stdout] warning: unused import: `crate::dependency_history::IDependencyHistory`
[INFO] [stdout]    --> src/test_utils.rs:293:13
[INFO] [stdout]     |
[INFO] [stdout] 293 |         use crate::dependency_history::IDependencyHistory;
[INFO] [stdout]     |             ^^^^^^^^^^^^^^^^^^^^^^^^^^^^^^^^^^^^^^^^^^^^^
[INFO] [stdout] 
[INFO] [stdout] 
[INFO] [stdout] warning: unused import: `crate::di_container::blocking::binding::builder::BindingBuilder`
[INFO] [stdout]    --> src/test_utils.rs:294:13
[INFO] [stdout]     |
[INFO] [stdout] 294 |         use crate::di_container::blocking::binding::builder::BindingBuilder;
[INFO] [stdout]     |             ^^^^^^^^^^^^^^^^^^^^^^^^^^^^^^^^^^^^^^^^^^^^^^^^^^^^^^^^^^^^^^^
[INFO] [stdout] 
[INFO] [stdout] 
[INFO] [stdout] warning: unused import: `crate::di_container::blocking::details::DIContainerInternals`
[INFO] [stdout]    --> src/test_utils.rs:295:13
[INFO] [stdout]     |
[INFO] [stdout] 295 |         use crate::di_container::blocking::details::DIContainerInternals;
[INFO] [stdout]     |             ^^^^^^^^^^^^^^^^^^^^^^^^^^^^^^^^^^^^^^^^^^^^^^^^^^^^^^^^^^^^
[INFO] [stdout] 
[INFO] [stdout] 
[INFO] [stdout] warning: unused import: `crate::di_container::blocking::IDIContainer`
[INFO] [stdout]    --> src/test_utils.rs:296:13
[INFO] [stdout]     |
[INFO] [stdout] 296 |         use crate::di_container::blocking::IDIContainer;
[INFO] [stdout]     |             ^^^^^^^^^^^^^^^^^^^^^^^^^^^^^^^^^^^^^^^^^^^
[INFO] [stdout] 
[INFO] [stdout] 
[INFO] [stdout] warning: unused import: `crate::errors::di_container::DIContainerError`
[INFO] [stdout]    --> src/test_utils.rs:297:13
[INFO] [stdout]     |
[INFO] [stdout] 297 |         use crate::errors::di_container::DIContainerError;
[INFO] [stdout]     |             ^^^^^^^^^^^^^^^^^^^^^^^^^^^^^^^^^^^^^^^^^^^^^
[INFO] [stdout] 
[INFO] [stdout] 
[INFO] [stdout] warning: unused import: `crate::provider::blocking::IProvider`
[INFO] [stdout]    --> src/test_utils.rs:298:13
[INFO] [stdout]     |
[INFO] [stdout] 298 |         use crate::provider::blocking::IProvider;
[INFO] [stdout]     |             ^^^^^^^^^^^^^^^^^^^^^^^^^^^^^^^^^^^^
[INFO] [stdout] 
[INFO] [stdout] 
[INFO] [stdout] warning: unused import: `crate::ptr::SomePtr`
[INFO] [stdout]    --> src/test_utils.rs:299:13
[INFO] [stdout]     |
[INFO] [stdout] 299 |         use crate::ptr::SomePtr;
[INFO] [stdout]     |             ^^^^^^^^^^^^^^^^^^^
[INFO] [stdout] 
[INFO] [stdout] 
[INFO] [stdout] warning: unused import: `std::rc::Rc`
[INFO] [stdout]    --> src/test_utils.rs:494:13
[INFO] [stdout]     |
[INFO] [stdout] 494 |         use std::rc::Rc;
[INFO] [stdout]     |             ^^^^^^^^^^^
[INFO] [stdout] 
[INFO] [stdout] 
[INFO] [stdout] warning: unused import: `crate::dependency_history::IDependencyHistory`
[INFO] [stdout]    --> src/test_utils.rs:497:13
[INFO] [stdout]     |
[INFO] [stdout] 497 |         use crate::dependency_history::IDependencyHistory;
[INFO] [stdout]     |             ^^^^^^^^^^^^^^^^^^^^^^^^^^^^^^^^^^^^^^^^^^^^^
[INFO] [stdout] 
[INFO] [stdout] 
[INFO] [stdout] warning: unused import: `crate::di_container::blocking::IDIContainer`
[INFO] [stdout]    --> src/test_utils.rs:498:13
[INFO] [stdout]     |
[INFO] [stdout] 498 |         use crate::di_container::blocking::IDIContainer;
[INFO] [stdout]     |             ^^^^^^^^^^^^^^^^^^^^^^^^^^^^^^^^^^^^^^^^^^^
[INFO] [stdout] 
[INFO] [stdout] 
[INFO] [stdout] warning: unused import: `crate::errors::injectable::InjectableError`
[INFO] [stdout]    --> src/test_utils.rs:499:13
[INFO] [stdout]     |
[INFO] [stdout] 499 |         use crate::errors::injectable::InjectableError;
[INFO] [stdout]     |             ^^^^^^^^^^^^^^^^^^^^^^^^^^^^^^^^^^^^^^^^^^
[INFO] [stdout] 
[INFO] [stdout] 
[INFO] [stdout] warning: unused imports: `IProvider`, `Providable`
[INFO] [stdout]    --> src/test_utils.rs:500:41
[INFO] [stdout]     |
[INFO] [stdout] 500 |         use crate::provider::blocking::{IProvider, Providable};
[INFO] [stdout]     |                                         ^^^^^^^^^  ^^^^^^^^^^
[INFO] [stdout] 
[INFO] [stdout] 
[INFO] [stdout] error[E0433]: failed to resolve: could not find `asynchronous` in `di_container`
[INFO] [stdout]  --> examples/async-factory/main.rs:8:28
[INFO] [stdout]   |
[INFO] [stdout] 8 | use syrette::di_container::asynchronous::prelude::*;
[INFO] [stdout]   |                            ^^^^^^^^^^^^ could not find `asynchronous` in `di_container`
[INFO] [stdout] 
[INFO] [stdout] 
[INFO] [stdout] error[E0432]: unresolved import `syrette::declare_default_factory`
[INFO] [stdout]  --> examples/with-3rd-party/bootstrap.rs:4:5
[INFO] [stdout]   |
[INFO] [stdout] 4 | use syrette::declare_default_factory;
[INFO] [stdout]   |     ^^^^^^^^^^^^^^^^^^^^^^^^^^^^^^^^ no `declare_default_factory` in the root
[INFO] [stdout] 
[INFO] [stdout] 
[INFO] [stdout] error[E0432]: unresolved import `third_party_lib`
[INFO] [stdout]  --> examples/with-3rd-party/ninja.rs:2:5
[INFO] [stdout]   |
[INFO] [stdout] 2 | use third_party_lib::Shuriken;
[INFO] [stdout]   |     ^^^^^^^^^^^^^^^ use of undeclared crate or module `third_party_lib`
[INFO] [stdout] 
[INFO] [stdout] 
[INFO] [stdout] error[E0432]: unresolved import `third_party_lib`
[INFO] [stdout]  --> examples/with-3rd-party/bootstrap.rs:7:5
[INFO] [stdout]   |
[INFO] [stdout] 7 | use third_party_lib::Shuriken;
[INFO] [stdout]   |     ^^^^^^^^^^^^^^^ use of undeclared crate or module `third_party_lib`
[INFO] [stdout] 
[INFO] [stdout] 
[INFO] [stdout] error: cannot determine resolution for the macro `declare_default_factory`
[INFO] [stdout]   --> examples/with-3rd-party/bootstrap.rs:12:1
[INFO] [stdout]    |
[INFO] [stdout] 12 | declare_default_factory!(Shuriken);
[INFO] [stdout]    | ^^^^^^^^^^^^^^^^^^^^^^^
[INFO] [stdout]    |
[INFO] [stdout]    = note: import resolution is stuck, try simplifying macro imports
[INFO] [stdout] 
[INFO] [stdout] 
[INFO] [stdout] error[E0432]: unresolved imports `syrette::async_closure`, `syrette::declare_default_factory`, `syrette::factory`
[INFO] [stdout]   --> examples/async-factory/main.rs:10:15
[INFO] [stdout]    |
[INFO] [stdout] 10 | use syrette::{async_closure, declare_default_factory, factory};
[INFO] [stdout]    |               ^^^^^^^^^^^^^  ^^^^^^^^^^^^^^^^^^^^^^^  ^^^^^^^ no `factory` in the root
[INFO] [stdout]    |               |              |
[INFO] [stdout]    |               |              no `declare_default_factory` in the root
[INFO] [stdout]    |               no `async_closure` in the root
[INFO] [stdout] 
[INFO] [stdout] 
[INFO] [stdout] error[E0432]: unresolved import `syrette::factory`
[INFO] [stdout]  --> examples/factory/interfaces/user.rs:1:5
[INFO] [stdout]   |
[INFO] [stdout] 1 | use syrette::factory;
[INFO] [stdout]   |     ^^^^^^^^^^^^^^^^ no `factory` in the root
[INFO] [stdout] 
[INFO] [stdout] 
[INFO] [stdout] error: cannot determine resolution for the attribute macro `factory`
[INFO] [stdout]   --> examples/async-factory/main.rs:18:3
[INFO] [stdout]    |
[INFO] [stdout] 18 | #[factory(async = true)]
[INFO] [stdout]    |   ^^^^^^^
[INFO] [stdout]    |
[INFO] [stdout]    = note: import resolution is stuck, try simplifying macro imports
[INFO] [stdout] 
[INFO] [stdout] 
[INFO] [stdout] error[E0432]: unresolved import `syrette::ptr::FactoryPtr`
[INFO] [stdout]  --> examples/factory/user_manager.rs:2:20
[INFO] [stdout]   |
[INFO] [stdout] 2 | use syrette::ptr::{FactoryPtr, TransientPtr};
[INFO] [stdout]   |                    ^^^^^^^^^^ no `FactoryPtr` in `ptr`
[INFO] [stdout] 
[INFO] [stdout] 
[INFO] [stdout] error: cannot determine resolution for the macro `declare_default_factory`
[INFO] [stdout]   --> examples/async-factory/main.rs:70:1
[INFO] [stdout]    |
[INFO] [stdout] 70 | declare_default_factory!(dyn IPerson, async = true);
[INFO] [stdout]    | ^^^^^^^^^^^^^^^^^^^^^^^
[INFO] [stdout]    |
[INFO] [stdout]    = note: import resolution is stuck, try simplifying macro imports
[INFO] [stdout] 
[INFO] [stdout] 
[INFO] [stdout] error: cannot determine resolution for the attribute macro `factory`
[INFO] [stdout]   --> examples/factory/interfaces/user.rs:10:3
[INFO] [stdout]    |
[INFO] [stdout] 10 | #[factory]
[INFO] [stdout]    |   ^^^^^^^
[INFO] [stdout]    |
[INFO] [stdout]    = note: import resolution is stuck, try simplifying macro imports
[INFO] [stdout] 
[INFO] [stdout] 
[INFO] [stdout] error: cannot determine resolution for the macro `async_closure`
[INFO] [stdout]   --> examples/async-factory/main.rs:80:13
[INFO] [stdout]    |
[INFO] [stdout] 80 |             async_closure!(|cnt| {
[INFO] [stdout]    |             ^^^^^^^^^^^^^
[INFO] [stdout]    |
[INFO] [stdout]    = note: import resolution is stuck, try simplifying macro imports
[INFO] [stdout] 
[INFO] [stdout] 
[INFO] [stdout] error: cannot determine resolution for the macro `async_closure`
[INFO] [stdout]   --> examples/async-factory/main.rs:91:13
[INFO] [stdout]    |
[INFO] [stdout] 91 |             async_closure!(|| {
[INFO] [stdout]    |             ^^^^^^^^^^^^^
[INFO] [stdout]    |
[INFO] [stdout]    = note: import resolution is stuck, try simplifying macro imports
[INFO] [stdout] 
[INFO] [stdout] 
[INFO] [stdout] warning: unused import: `std::time::Duration`
[INFO] [stdout]  --> examples/async-factory/main.rs:5:5
[INFO] [stdout]   |
[INFO] [stdout] 5 | use std::time::Duration;
[INFO] [stdout]   |     ^^^^^^^^^^^^^^^^^^^
[INFO] [stdout]   |
[INFO] [stdout]   = note: `#[warn(unused_imports)]` on by default
[INFO] [stdout] 
[INFO] [stdout] 
[INFO] [stdout] warning: unused import: `syrette::ptr::TransientPtr`
[INFO] [stdout]  --> examples/async-factory/main.rs:9:5
[INFO] [stdout]   |
[INFO] [stdout] 9 | use syrette::ptr::TransientPtr;
[INFO] [stdout]   |     ^^^^^^^^^^^^^^^^^^^^^^^^^^
[INFO] [stdout] 
[INFO] [stdout] 
[INFO] [stdout] warning: unused import: `tokio::time::sleep`
[INFO] [stdout]   --> examples/async-factory/main.rs:11:5
[INFO] [stdout]    |
[INFO] [stdout] 11 | use tokio::time::sleep;
[INFO] [stdout]    |     ^^^^^^^^^^^^^^^^^^
[INFO] [stdout] 
[INFO] [stdout] 
[INFO] [stdout] error[E0433]: failed to resolve: use of undeclared type `AsyncDIContainer`
[INFO] [stdout]   --> examples/async-factory/main.rs:75:28
[INFO] [stdout]    |
[INFO] [stdout] 75 |     let mut di_container = AsyncDIContainer::new();
[INFO] [stdout]    |                            ^^^^^^^^^^^^^^^^ use of undeclared type `AsyncDIContainer`
[INFO] [stdout] 
[INFO] [stdout] 
[INFO] [stdout] error[E0433]: failed to resolve: could not find `asynchronous` in `di_container`
[INFO] [stdout]  --> examples/async/bootstrap.rs:5:28
[INFO] [stdout]   |
[INFO] [stdout] 5 | use syrette::di_container::asynchronous::prelude::*;
[INFO] [stdout]   |                            ^^^^^^^^^^^^ could not find `asynchronous` in `di_container`
[INFO] [stdout] 
[INFO] [stdout] 
[INFO] [stdout] error[E0432]: unresolved import `syrette::declare_default_factory`
[INFO] [stdout]  --> examples/async/bootstrap.rs:4:5
[INFO] [stdout]   |
[INFO] [stdout] 4 | use syrette::declare_default_factory;
[INFO] [stdout]   |     ^^^^^^^^^^^^^^^^^^^^^^^^^^^^^^^^ no `declare_default_factory` in the root
[INFO] [stdout] 
[INFO] [stdout] 
[INFO] [stdout] error[E0433]: failed to resolve: could not find `asynchronous` in `di_container`
[INFO] [stdout]   --> examples/async/main.rs:11:28
[INFO] [stdout]    |
[INFO] [stdout] 11 | use syrette::di_container::asynchronous::prelude::*;
[INFO] [stdout]    |                            ^^^^^^^^^^^^ could not find `asynchronous` in `di_container`
[INFO] [stdout] 
[INFO] [stdout] 
[INFO] [stdout] error[E0432]: unresolved import `syrette::factory`
[INFO] [stdout]  --> examples/async/interfaces/food.rs:1:5
[INFO] [stdout]   |
[INFO] [stdout] 1 | use syrette::factory;
[INFO] [stdout]   |     ^^^^^^^^^^^^^^^^ no `factory` in the root
[INFO] [stdout] 
[INFO] [stdout] 
[INFO] [stdout] error[E0432]: unresolved import `syrette`
[INFO] [stdout]  --> examples/async/animals/cat.rs:7:1
[INFO] [stdout]   |
[INFO] [stdout] 7 | #[injectable(ICat, async = true)]
[INFO] [stdout]   | ^^^^^^^^^^^^^^^^^^^^^^^^^^^^^^^^^ could not find `asynchronous` in `di_container`
[INFO] [stdout]   |
[INFO] [stdout]   = note: this error originates in the attribute macro `injectable` (in Nightly builds, run with -Z macro-backtrace for more info)
[INFO] [stdout] 
[INFO] [stdout] 
[INFO] [stdout] error[E0432]: unresolved import `syrette`
[INFO] [stdout]  --> examples/async/animals/dog.rs:7:1
[INFO] [stdout]   |
[INFO] [stdout] 7 | #[injectable(IDog, async = true)]
[INFO] [stdout]   | ^^^^^^^^^^^^^^^^^^^^^^^^^^^^^^^^^ could not find `asynchronous` in `di_container`
[INFO] [stdout]   |
[INFO] [stdout]   = note: this error originates in the attribute macro `injectable` (in Nightly builds, run with -Z macro-backtrace for more info)
[INFO] [stdout] 
[INFO] [stdout] 
[INFO] [stdout] error[E0432]: unresolved import `syrette`
[INFO] [stdout]   --> examples/async/animals/human.rs:14:1
[INFO] [stdout]    |
[INFO] [stdout] 14 | #[injectable(IHuman, async = true)]
[INFO] [stdout]    | ^^^^^^^^^^^^^^^^^^^^^^^^^^^^^^^^^^^ could not find `asynchronous` in `di_container`
[INFO] [stdout]    |
[INFO] [stdout]    = note: this error originates in the attribute macro `injectable` (in Nightly builds, run with -Z macro-backtrace for more info)
[INFO] [stdout] 
[INFO] [stdout] 
[INFO] [stdout] error: cannot determine resolution for the macro `declare_default_factory`
[INFO] [stdout]   --> examples/async/bootstrap.rs:17:1
[INFO] [stdout]    |
[INFO] [stdout] 17 | declare_default_factory!(dyn ICat, threadsafe = true);
[INFO] [stdout]    | ^^^^^^^^^^^^^^^^^^^^^^^
[INFO] [stdout]    |
[INFO] [stdout]    = note: import resolution is stuck, try simplifying macro imports
[INFO] [stdout] 
[INFO] [stdout] 
[INFO] [stdout] error: cannot determine resolution for the attribute macro `factory`
[INFO] [stdout]  --> examples/async/interfaces/food.rs:8:3
[INFO] [stdout]   |
[INFO] [stdout] 8 | #[factory(threadsafe = true)]
[INFO] [stdout]   |   ^^^^^^^
[INFO] [stdout]   |
[INFO] [stdout]   = note: import resolution is stuck, try simplifying macro imports
[INFO] [stdout] 
[INFO] [stdout] 
[INFO] [stdout] error[E0433]: failed to resolve: could not find `async_injectable` in `interfaces`
[INFO] [stdout]  --> examples/async/animals/cat.rs:7:1
[INFO] [stdout]   |
[INFO] [stdout] 7 | #[injectable(ICat, async = true)]
[INFO] [stdout]   | ^^^^^^^^^^^^^^^^^^^^^^^^^^^^^^^^^ could not find `async_injectable` in `interfaces`
[INFO] [stdout]   |
[INFO] [stdout]   = note: this error originates in the attribute macro `injectable` (in Nightly builds, run with -Z macro-backtrace for more info)
[INFO] [stdout] 
[INFO] [stdout] 
[INFO] [stdout] error[E0433]: failed to resolve: could not find `asynchronous` in `di_container`
[INFO] [stdout]  --> examples/async/animals/cat.rs:7:1
[INFO] [stdout]   |
[INFO] [stdout] 7 | #[injectable(ICat, async = true)]
[INFO] [stdout]   | ^^^^^^^^^^^^^^^^^^^^^^^^^^^^^^^^^ could not find `asynchronous` in `di_container`
[INFO] [stdout]   |
[INFO] [stdout]   = note: this error originates in the attribute macro `injectable` (in Nightly builds, run with -Z macro-backtrace for more info)
[INFO] [stdout] 
[INFO] [stdout] 
[INFO] [stdout] error[E0433]: failed to resolve: could not find `future` in `syrette`
[INFO] [stdout]  --> examples/async/animals/cat.rs:7:1
[INFO] [stdout]   |
[INFO] [stdout] 7 | #[injectable(ICat, async = true)]
[INFO] [stdout]   | ^^^^^^^^^^^^^^^^^^^^^^^^^^^^^^^^^ could not find `future` in `syrette`
[INFO] [stdout]   |
[INFO] [stdout]   = note: this error originates in the attribute macro `injectable` (in Nightly builds, run with -Z macro-backtrace for more info)
[INFO] [stdout] 
[INFO] [stdout] 
[INFO] [stdout] error[E0433]: failed to resolve: could not find `async_injectable` in `interfaces`
[INFO] [stdout]  --> examples/async/animals/dog.rs:7:1
[INFO] [stdout]   |
[INFO] [stdout] 7 | #[injectable(IDog, async = true)]
[INFO] [stdout]   | ^^^^^^^^^^^^^^^^^^^^^^^^^^^^^^^^^ could not find `async_injectable` in `interfaces`
[INFO] [stdout]   |
[INFO] [stdout]   = note: this error originates in the attribute macro `injectable` (in Nightly builds, run with -Z macro-backtrace for more info)
[INFO] [stdout] 
[INFO] [stdout] 
[INFO] [stdout] error: aborting due to 7 previous errors; 3 warnings emitted
[INFO] [stdout] 
[INFO] [stdout] 
[INFO] [stdout] Some errors have detailed explanations: E0432, E0433.
[INFO] [stdout] 
[INFO] [stdout] For more information about an error, try `rustc --explain E0432`.
[INFO] [stdout] 
[INFO] [stdout] error[E0433]: failed to resolve: could not find `asynchronous` in `di_container`
[INFO] [stdout]  --> examples/async/animals/dog.rs:7:1
[INFO] [stdout]   |
[INFO] [stdout] 7 | #[injectable(IDog, async = true)]
[INFO] [stdout]   | ^^^^^^^^^^^^^^^^^^^^^^^^^^^^^^^^^ could not find `asynchronous` in `di_container`
[INFO] [stdout]   |
[INFO] [stdout]   = note: this error originates in the attribute macro `injectable` (in Nightly builds, run with -Z macro-backtrace for more info)
[INFO] [stdout] 
[INFO] [stdout] 
[INFO] [stdout] error[E0599]: no method named `to_factory` found for struct `BindingBuilder` in the current scope
[INFO] [stdout]   --> examples/factory/bootstrap.rs:20:41
[INFO] [stdout]    |
[INFO] [stdout] 20 |     di_container.bind::<IUserFactory>().to_factory(&|_| {
[INFO] [stdout]    |     ------------------------------------^^^^^^^^^^ method not found in `BindingBuilder<dyn Fn(&str, &str, &str) -> dyn IUser, DIContainer, DependencyHistory>`
[INFO] [stdout]    |
[INFO] [stdout]    = note: the full type name has been written to '/opt/rustwide/target/debug/examples/factory-e705e81d8c61c856.long-type-9350832481283832260.txt'
[INFO] [stdout] 
[INFO] [stdout] 
[INFO] [stdout] error: aborting due to 4 previous errors
[INFO] [stdout] 
[INFO] [stdout] 
[INFO] [stdout] For more information about this error, try `rustc --explain E0432`.
[INFO] [stdout] 
[INFO] [stdout] error[E0433]: failed to resolve: could not find `future` in `syrette`
[INFO] [stdout]  --> examples/async/animals/dog.rs:7:1
[INFO] [stdout]   |
[INFO] [stdout] 7 | #[injectable(IDog, async = true)]
[INFO] [stdout]   | ^^^^^^^^^^^^^^^^^^^^^^^^^^^^^^^^^ could not find `future` in `syrette`
[INFO] [stdout]   |
[INFO] [stdout]   = note: this error originates in the attribute macro `injectable` (in Nightly builds, run with -Z macro-backtrace for more info)
[INFO] [stdout] 
[INFO] [stdout] 
[INFO] [stdout] error[E0433]: failed to resolve: could not find `async_injectable` in `interfaces`
[INFO] [stdout]   --> examples/async/animals/human.rs:14:1
[INFO] [stdout]    |
[INFO] [stdout] 14 | #[injectable(IHuman, async = true)]
[INFO] [stdout]    | ^^^^^^^^^^^^^^^^^^^^^^^^^^^^^^^^^^^ could not find `async_injectable` in `interfaces`
[INFO] [stdout]    |
[INFO] [stdout]    = note: this error originates in the attribute macro `injectable` (in Nightly builds, run with -Z macro-backtrace for more info)
[INFO] [stdout] 
[INFO] [stdout] 
[INFO] [stdout] error[E0433]: failed to resolve: could not find `asynchronous` in `di_container`
[INFO] [stdout]   --> examples/async/animals/human.rs:14:1
[INFO] [stdout]    |
[INFO] [stdout] 14 | #[injectable(IHuman, async = true)]
[INFO] [stdout]    | ^^^^^^^^^^^^^^^^^^^^^^^^^^^^^^^^^^^ could not find `asynchronous` in `di_container`
[INFO] [stdout]    |
[INFO] [stdout]    = note: this error originates in the attribute macro `injectable` (in Nightly builds, run with -Z macro-backtrace for more info)
[INFO] [stdout] 
[INFO] [stdout] 
[INFO] [stderr] error: could not compile `syrette` (example "async-factory") due to 8 previous errors; 3 warnings emitted
[INFO] [stderr] warning: build failed, waiting for other jobs to finish...
[INFO] [stderr] error: could not compile `syrette` (example "with-3rd-party") due to 5 previous errors
[INFO] [stdout] error[E0433]: failed to resolve: could not find `future` in `syrette`
[INFO] [stdout]   --> examples/async/animals/human.rs:14:1
[INFO] [stdout]    |
[INFO] [stdout] 14 | #[injectable(IHuman, async = true)]
[INFO] [stdout]    | ^^^^^^^^^^^^^^^^^^^^^^^^^^^^^^^^^^^ could not find `future` in `syrette`
[INFO] [stdout]    |
[INFO] [stdout]    = note: this error originates in the attribute macro `injectable` (in Nightly builds, run with -Z macro-backtrace for more info)
[INFO] [stdout] 
[INFO] [stdout] 
[INFO] [stdout] error[E0599]: no method named `factory` found for enum `SomePtr` in the current scope
[INFO] [stdout]   --> examples/factory/user_manager.rs:13:1
[INFO] [stdout]    |
[INFO] [stdout] 13 | #[injectable(IUserManager)]
[INFO] [stdout]    | ^^^^^^^^^^^^^^^^^^^^^^^^^^^ method not found in `SomePtr<dyn Fn(&str, &str, &str) -> dyn IUser>`
[INFO] [stdout]    |
[INFO] [stdout]    = note: this error originates in the attribute macro `injectable` (in Nightly builds, run with -Z macro-backtrace for more info)
[INFO] [stdout] 
[INFO] [stdout] 
[INFO] [stdout] error[E0412]: cannot find type `AsyncDIContainer` in this scope
[INFO] [stdout]   --> examples/async/bootstrap.rs:19:40
[INFO] [stdout]    |
[INFO] [stdout] 19 | pub async fn bootstrap() -> Result<Arc<AsyncDIContainer>>
[INFO] [stdout]    |                                        ^^^^^^^^^^^^^^^^ not found in this scope
[INFO] [stdout]    |
[INFO] [stdout] help: you might be missing a type parameter
[INFO] [stdout]    |
[INFO] [stdout] 19 | pub async fn bootstrap<AsyncDIContainer>() -> Result<Arc<AsyncDIContainer>>
[INFO] [stdout]    |                       ++++++++++++++++++
[INFO] [stdout] 
[INFO] [stdout] 
[INFO] [stdout] error: aborting due to 41 previous errors; 13 warnings emitted
[INFO] [stdout] 
[INFO] [stdout] 
[INFO] [stdout] Some errors have detailed explanations: E0412, E0432, E0433.
[INFO] [stdout] 
[INFO] [stdout] For more information about an error, try `rustc --explain E0412`.
[INFO] [stdout] 
[INFO] [stdout] error: aborting due to 5 previous errors
[INFO] [stdout] 
[INFO] [stdout] 
[INFO] [stdout] Some errors have detailed explanations: E0432, E0599.
[INFO] [stdout] 
[INFO] [stdout] For more information about an error, try `rustc --explain E0432`.
[INFO] [stdout] 
[INFO] [stdout] error[E0433]: failed to resolve: use of undeclared type `AsyncDIContainer`
[INFO] [stdout]   --> examples/async/bootstrap.rs:21:28
[INFO] [stdout]    |
[INFO] [stdout] 21 |     let mut di_container = AsyncDIContainer::new();
[INFO] [stdout]    |                            ^^^^^^^^^^^^^^^^ use of undeclared type `AsyncDIContainer`
[INFO] [stdout] 
[INFO] [stdout] 
[INFO] [stdout] error: aborting due to 20 previous errors
[INFO] [stdout] 
[INFO] [stdout] 
[INFO] [stdout] Some errors have detailed explanations: E0412, E0432, E0433.
[INFO] [stdout] 
[INFO] [stdout] For more information about an error, try `rustc --explain E0412`.
[INFO] [stdout] 
[INFO] [stderr] error: could not compile `syrette` (lib test) due to 42 previous errors; 13 warnings emitted
[INFO] [stderr] error: could not compile `syrette` (example "factory") due to 6 previous errors
[INFO] [stderr] error: could not compile `syrette` (example "async") due to 21 previous errors
[INFO] running `Command { std: "docker" "inspect" "ff342273837dbb23f41984b610b04973ce7852e028e12b20cef946e19e51569a", kill_on_drop: false }`
[INFO] running `Command { std: "docker" "rm" "-f" "ff342273837dbb23f41984b610b04973ce7852e028e12b20cef946e19e51569a", kill_on_drop: false }`
[INFO] [stdout] ff342273837dbb23f41984b610b04973ce7852e028e12b20cef946e19e51569a
